t of 44531213?
1
What is the tens digit of 205700928?
2
What is the hundreds digit of 340364541?
5
What is the units digit of 2766467410?
0
What is the hundred thousands digit of 431710481?
7
What is the tens digit of 95836386?
8
What is the billions digit of 2194552106?
2
What is the units digit of 9819860?
0
What is the millions digit of 46456368?
6
What is the millions digit of 9163738?
9
What is the hundreds digit of 65348547?
5
What is the ten thousands digit of 38407711?
0
What is the hundred thousands digit of 144098475?
0
What is the thousands digit of 1267823487?
3
What is the hundred thousands digit of 16442045?
4
What is the units digit of 57484598?
8
What is the units digit of 143136528?
8
What is the units digit of 1279223762?
2
What is the ten millions digit of 223940715?
2
What is the millions digit of 85667803?
5
What is the ten thousands digit of 228167633?
6
What is the hundred thousands digit of 1271700540?
7
What is the units digit of 364187740?
0
What is the hundred thousands digit of 214225028?
2
What is the tens digit of 3406815756?
5
What is the ten thousands digit of 2020799310?
9
What is the hundreds digit of 59298001?
0
What is the hundreds digit of 55251449?
4
What is the thousands digit of 108990060?
0
What is the ten millions digit of 437815035?
3
What is the ten millions digit of 1563219668?
6
What is the thousands digit of 54578515?
8
What is the hundreds digit of 51229300?
3
What is the ten millions digit of 5526141896?
2
What is the units digit of 27448562?
2
What is the hundred millions digit of 2608836408?
6
What is the ten thousands digit of 676358982?
5
What is the hundred millions digit of 5409591841?
4
What is the hundred thousands digit of 759888926?
8
What is the hundred thousands digit of 484617258?
6
What is the ten millions digit of 239569956?
3
What is the units digit of 495773017?
7
What is the hundred thousands digit of 3675094?
6
What is the ten thousands digit of 46178930?
7
What is the millions digit of 585433148?
5
What is the units digit of 608009888?
8
What is the hundred thousands digit of 192395618?
3
What is the hundreds digit of 313825490?
4
What is the tens digit of 606138879?
7
What is the ten millions digit of 18990533?
1
What is the units digit of 1788537356?
6
What is the millions digit of 130579094?
0
What is the ten thousands digit of 1621577616?
7
What is the ten millions digit of 1000242899?
0
What is the tens digit of 192291351?
5
What is the hundred thousands digit of 4308862597?
8
What is the hundreds digit of 1605284135?
1
What is the hundreds digit of 15749572?
5
What is the hundreds digit of 746171954?
9
What is the billions digit of 5516490354?
5
What is the millions digit of 34801655?
4
What is the ten thousands digit of 564019756?
1
What is the millions digit of 145293384?
5
What is the hundreds digit of 144480413?
4
What is the thousands digit of 76044351?
4
What is the hundred thousands digit of 20659418?
6
What is the thousands digit of 40381450?
1
What is the units digit of 677286324?
4
What is the hundreds digit of 265579979?
9
What is the ten thousands digit of 4120927181?
2
What is the ten millions digit of 6840418351?
4
What is the units digit of 792347085?
5
What is the tens digit of 6883197516?
1
What is the hundred millions digit of 469231472?
4
What is the units digit of 155030096?
6
What is the thousands digit of 62404375?
4
What is the hundreds digit of 1768543946?
9
What is the hundreds digit of 9755233?
2
What is the units digit of 215998015?
5
What is the ten thousands digit of 395039624?
3
What is the hundreds digit of 5247169236?
2
What is the ten thousands digit of 189503807?
0
What is the units digit of 604234995?
5
What is the ten thousands digit of 41256302?
5
What is the hundred thousands digit of 882141409?
1
What is the ten thousands digit of 207221668?
2
What is the ten thousands digit of 2781937725?
3
What is the hundreds digit of 56961871?
8
What is the hundreds digit of 479288623?
6
What is the thousands digit of 4526442?
6
What is the hundred millions digit of 139017903?
1
What is the hundreds digit of 81179740?
7
What is the ten thousands digit of 1535565339?
6
What is the ten millions digit of 1689474324?
8
What is the ten millions digit of 654986719?
5
What is the hundred thousands digit of 1419379365?
3
What is the hundreds digit of 48054392?
3
What is the tens digit of 573480718?
1
What is the hundred millions digit of 1770200163?
7
What is the hundred thousands digit of 990291236?
2
What is the ten thousands digit of 457105825?
0
What is the hundred thousands digit of 1046134828?
1
What is the ten thousands digit of 2746914494?
1
What is the tens digit of 80196690?
9
What is the millions digit of 438130977?
8
What is the ten millions digit of 399087346?
9
What is the ten thousands digit of 3483949?
8
What is the ten thousands digit of 4985438687?
3
What is the thousands digit of 1771522733?
2
What is the hundred thousands digit of 628029364?
0
What is the ten thousands digit of 1749807288?
0
What is the hundred thousands digit of 44984278?
9
What is the hundreds digit of 640386467?
4
What is the thousands digit of 162352279?
2
What is the hundred thousands digit of 62148714?
1
What is the millions digit of 1553336197?
3
What is the ten millions digit of 67798730?
6
What is the ten millions digit of 151288259?
5
What is the thousands digit of 344380120?
0
What is the hundreds digit of 13615392?
3
What is the millions digit of 527545302?
7
What is the hundreds digit of 242026068?
0
What is the tens digit of 15659348?
4
What is the hundred thousands digit of 42657192?
6
What is the units digit of 9012574?
4
What is the billions digit of 3169288902?
3
What is the ten thousands digit of 979255254?
5
What is the hundred millions digit of 499892439?
4
What is the millions digit of 27101028?
7
What is the ten thousands digit of 44486394?
8
What is the ten thousands digit of 269859644?
5
What is the ten thousands digit of 116567378?
6
What is the hundred millions digit of 8689018285?
6
What is the ten thousands digit of 11045874?
4
What is the billions digit of 1465188356?
1
What is the billions digit of 1333818600?
1
What is the thousands digit of 3836863096?
3
What is the units digit of 63733194?
4
What is the hundred millions digit of 492398708?
4
What is the ten millions digit of 43879879?
4
What is the units digit of 327448966?
6
What is the units digit of 2954984968?
8
What is the units digit of 49156858?
8
What is the ten thousands digit of 967719496?
1
What is the hundreds digit of 823657942?
9
What is the tens digit of 147429088?
8
What is the hundreds digit of 344615972?
9
What is the millions digit of 144374235?
4
What is the units digit of 999650360?
0
What is the thousands digit of 815567089?
7
What is the millions digit of 1678208328?
8
What is the hundreds digit of 557075267?
2
What is the millions digit of 444559076?
4
What is the ten thousands digit of 990313516?
1
What is the hundred thousands digit of 165018103?
0
What is the ten thousands digit of 346128404?
2
What is the hundred thousands digit of 24902973?
9
What is the millions digit of 27557099?
7
What is the billions digit of 1995158270?
1
What is the tens digit of 22339149?
4
What is the units digit of 455518574?
4
What is the hundred thousands digit of 60424489?
4
What is the tens digit of 3777991091?
9
What is the tens digit of 353560881?
8
What is the units digit of 50700299?
9
What is the ten thousands digit of 7560201181?
0
What is the ten millions digit of 252834522?
5
What is the ten millions digit of 13687013?
1
What is the hundreds digit of 3452516703?
7
What is the units digit of 131083471?
1
What is the ten thousands digit of 90938643?
3
What is the millions digit of 20895934?
0
What is the ten thousands digit of 1526401320?
0
What is the tens digit of 242195041?
4
What is the thousands digit of 244766621?
6
What is the hundred thousands digit of 3616356923?
3
What is the hundreds digit of 2679744368?
3
What is the ten millions digit of 320953265?
2
What is the billions digit of 2644145536?
2
What is the thousands digit of 73740025?
0
What is the thousands digit of 87541586?
1
What is the ten millions digit of 1132846884?
3
What is the billions digit